*3/3 - 3*h**2/2 + 13*h. Calculate n(-6).
-15
Let m(b) be the second derivative of b**4/6 + 2*b**3/3 + b**2 + 7*b. Determine m(-2).
2
Let y(v) be the second derivative of -1/2*v**2 + 1/6*v**3 - 2*v + 0. Suppose 0 = -0*d - 4*d + 20. Give y(d).
4
Let t(g) be the first derivative of -g**3/3 - g**2/2 + 5*g + 1. Let a be 25/3 + (-6)/(-9). Let m = a + -13. Give t(m).
-7
Suppose -j - 4*j + 15 = 0. Let b(i) = -1 + j*i - 3*i + i - 2. Give b(0).
-3
Let c(r) be the first derivative of -1 + 1/4*r**4 + 1/2*r**2 - 7*r + 0*r**3. Determine c(0).
-7
Let a(z) = 5*z**2 - 4*z + 1. Let c(x) = 2 - 3 + 4*x - 2*x**2 - 2*x. Let p(f) = -3*a(f) - 7*c(f). What is p(-4)?
-4
Let f(o) = -563*o + 408 - 2*o + 38*o. Let b(c) = 22*c - 17. Let l(y) = 119*b(y) + 5*f(y). Let w(t) = 6*t - 6. Let j(n) = -3*l(n) - 8*w(n). What is j(3)?
6
Suppose 0 = 4*g - 20 + 4. Suppose 0 = -g*w - 48. Let r = w - -7. Let o(y) = -y + 2. What is o(r)?
7
Let o be (-18)/(-4) - 2/(-4). Let h = 6 - o. Let t(z) = 3*z + z + z**2 - 3 + h. Calculate t(-5).
3
Let k(x) be the second derivative of x**5/20 + x**4/2 + 4*x**3/3 + 3*x**2/2 + 10*x. Suppose 4*j + 2*t + 10 = 0, 5*j - 4*t = -0*t - 45. What is k(j)?
-12
Let z(j) = 3*j - 6. Let b(h) = -2*h + 3. Let i(x) = -5*b(x) - 3*z(x). Let d(c) = c**3 + c**2 - c - 2. Let k be d(0). Give i(k).
1
Suppose 0 = -3*h + 17 + 1. Let r(z) = -z**3 + 7*z**2 - 5*z - 7. What is r(h)?
-1
Let f(d) be the first derivative of -d**4/4 - 5*d**3/3 + 4*d**2 + 8*d - 1. What is f(-6)?
-4
Let q = 15 + -9. Let w(f) = f - 15. Let u(s) = 2*s - 29. Let m(t) = -3*u(t) + 5*w(t). Determine m(q).
6
Let l(m) = 2*m**3 + 15*m**2 + 14*m + 10. Let b(j) = j**3 + 7*j**2 + 7*j + 5. Let r(n) = -5*b(n) + 2*l(n). Determine r(-4).
7
Suppose -3*k + 19 = 5*j, 0*j = 3*j + 4*k - 18. Let o(w) = 2*w - 4*w - w**3 + 4*w**j - w**3. Let n(p) = p**3 + 10*p**2 + 8*p - 7. Let f be n(-9). Give o(f).
-4
Let o(p) = 4*p**3 + 69 - 70 + 2*p**2 + 0*p**3. Let f(h) = -h + 1. Let d be f(-1). Suppose -4*r + 2*r = -d. Calculate o(r).
5
Suppose 2 = -i + 2*i. Let p(n) = -i - 1 + 1 - 10*n**2 + 1. Calculate p(1).
-11
Let b(i) be the second derivative of i**4/12 - 2*i**3/3 - 7*i**2/2 - 5*i. Determine b(6).
5
Let p(g) be the first derivative of -g**3/3 + g**2/2 + 22. What is p(2)?
-2
Let u(r) be the second derivative of -r**2 + 0 - 1/6*r**3 - 1/20*r**5 + 1/3*r**4 + 6*r. What is u(4)?
-6
Let c(w) = -13 - 3*w**2 - w + 5 - w**3 + 4. Calculate c(-3).
-1
Let r(f) = f**2 - 8*f + 2. Suppose -m = 2 - 10. What is r(m)?
2
Let x(h) = -h - 5. Let k be (0 + -3)/(5/(100/6)). Determine x(k).
5
Let j(h) = 2*h**3 + h**2 - 2*h**3 - 6 + h**3 + 0*h**2. Let z be 2/(-9) - (-2)/9. Calculate j(z).
-6
Let g(c) = -c + 6. Let n be 6/(-9) + (-8)/(-3). Suppose -3*r = -2*z - 10, -n - 2 = -z. Determine g(r).
0
Let g(m) = -m + 5*m - 2 - 1 - m**2. Let i(u) = -u**3 - 4*u**2 + 4. Let c be i(-4). Let k be g(c). Let h(b) = b**3 + 3*b**2 + 2*b - 1. Determine h(k).
-7
Suppose 0 = f - 3*o - 16, 5*o = -3*f + 20. Let a = f - 7. Suppose a*u - 3 = -x - 0*x, 5*x = -15. Let w(v) = 2*v - 2. What is w(u)?
2
Let v(g) be the third derivative of g**6/20 - g**5/30 + g**3/6 - 2*g**2. Suppose -16 = -4*m, 0*y - 5*m = -3*y + 43. Let p be (-6)/(-4)*(-14)/y. Calculate v(p).
-7
Let w(a) = -a + 2. Let s(t) = -t + 3. Let h(v) = 6*s(v) - 5*w(v). What is h(10)?
-2
Suppose -4*u + 7 + 5 = 0. Let f(j) = 3*j - 2. Determine f(u).
7
Let n(d) = 4*d. Let r(p) = 3*p**3 - 17*p**2 + 7*p + 15. Let w(c) = c**3 - 8*c**2 + 3*c + 7. Let z(b) = -2*r(b) + 5*w(b). Let o be z(-6). Determine n(o).
-4
Let w(h) = -h**2 - 5*h. Let z be (2 - (-8)/(-6))*3. Suppose z*m = -m - 9. Give w(m).
6
Let u be (-2)/4 + (-42)/(-4). Suppose -3*r - 6 = -n, -n + 0*r + 5*r = -u. Let m(a) = -15*a + 5. Let q(o) = 19*o - 5. Let b(x) = 5*m(x) + 4*q(x). Give b(n).
5
Let c(p) = p**3 - p**2 - 2*p - 1. Suppose 0 = -0*n + n + 4. Let m(y) = y**2 + 6*y + 4. Let a be m(n). Let s = a + 3. Give c(s).
-1
Let q(m) = m**2 - 5*m + 2. Let u be q(7). Suppose 0 = 5*v - k + u, -2*k + 4*k = -3*v - 7. Let z(o) = 5*o + 0*o - 3*o - 1 - 3*o. What is z(v)?
2
Let x(k) = 4*k**2 - 2*k + k**3 + 0*k**3 - 3809 + 3816. Calculate x(-5).
-8
Suppose 0 = -6*f + 4*f + 12. Let j(c) be the first derivative of c**2 + 1 - f*c + 1/3*c**3. Determine j(-5).
9
Let p(o) be the second derivative of 1/6*o**3 - o + 0 - 1/20*o**5 + 1/12*o**4 + 1/2*o**2. Let q(k) be the first derivative of p(k). What is q(2)?
-7
Let m(i) = 1 + 2*i**2 - 3*i + 3 - i**2. Suppose -23 + 7 = -4*w. Let h = -1 + w. Calculate m(h).
4
Let f(i) = i + 6. Let z = -50 + 43. Calculate f(z).
-1
Let c(g) be the first derivative of -4*g**3/3 - 13*g**2/2 + 12*g + 2. Let v(b) = -3*b**2 - 12*b + 11. Let y(m) = 4*c(m) - 5*v(m). Give y(5).
8
Let f(h) = -32*h**2 + 9*h - 5. Let n(s) = -8*s**2 + 2*s - 1. Let g(i) = 2*f(i) - 9*n(i). Give g(-1).
7
Let g = 29 + -16. Let l = 7 - g. Let b be l/2*(-2)/3. Let o(k) = -3*k**2 + 2*k + 1. Calculate o(b).
-7
Let p(m) be the third derivative of m**6/120 - m**5/15 + m**4/24 - 5*m**3/6 + 2*m**2. Calculate p(4).
-1
Let v(a) be the third derivative of -a**5/60 + 7*a**4/24 + 3*a**3/2 + 13*a**2 - 4*a. Let u be 23/3 - 1/(-3). Calculate v(u).
1
Let y(x) = -9*x**2 - 7*x - 17. Let q(s) = -4*s**2 - 4*s - 8. Let a(t) = 7*q(t) - 3*y(t). Determine a(-5).
5
Let s(n) = -2*n - 4. Let y be s(-4). Suppose -4*k + 39 = 5*t + 8, 3*t = 4*k - 7. Let d(p) = -1 + 2*p + 7 - t*p. Determine d(y).
2
Let q(j) = 2*j - 6. Let d(o) = -6*o + 17. Let k(c) = 3*d(c) + 8*q(c). What is k(3)?
-3
Let r(q) = q + 1. Let z(s) = -s**2 - 6*s + 4. Let h(m) = 3*r(m) + z(m). Suppose -2*j + 5 = -3*j. Calculate h(j).
-3
Let v(w) = 2*w**3 - w + 5*w**2 + 5 - 3*w**3 + 2*w. Let s(c) = c**2 + 9*c. Let b be s(-9). Suppose -10 = -b*g - 2*g. What is v(g)?
10
Let m(v) = 2*v + 2. Let u(b) = b**2 + 2*b - 7. Let k be u(-5). Suppose -3*f - k = f. Let p be 40/(-12) + f/3. Calculate m(p).
-6
Let p(k) be the third derivative of 0*k + 1/24*k**4 + 1/12*k**5 - 5/6*k**3 + 0 + 1/120*k**6 - 4*k**2. Give p(-4).
7
Suppose -3*s + 20 = -s. Suppose 0 = -9*n + s*n + 5. Let p(v) = -v - 2. Give p(n).
3
Let t(a) = 5*a + 14. Let c(x) = -2*x - 5. Let g(n) = -8*c(n) - 3*t(n). Let y(i) = -i**2 + 3*i + 4. Let p be y(3). Determine g(p).
2
Suppose 10 = 5*u, 5*a - 9 = -u + 4*u. Let i(r) = -r**3 - 4*r**2 - 2*r - 5. Let v(y) = -2*y**3 - 7*y**2 - 3*y - 9. Let w(n) = a*v(n) - 5*i(n). What is w(-2)?
0
Let i(l) = -l**3 - 6*l**2 - 3*l + 7. Let x = -20 - -15. What is i(x)?
-3
Let l(a) = a**3 + a + 3. Let y be l(0). Suppose 3*h - 2*w - y = w, -21 = 4*h + w. Let v(s) = s - 2. Determine v(h).
-6
Let r = 4 + 0. Suppose 0 = -3*u + u + 6. Suppose -o = -u*o - r. Let z(h) = -h**2 - 2*h + 1. Calculate z(o).
1
Let p(k) = -k + 13. Let d be p(15). Let r(c) = c**2 + c - 2. Give r(d).
0
Let q(c) = c**3 + c**2 + 3. Let g = 1 - -3. Suppose -12 = 4*t, 3*v + g*t = -t - 15. Give q(v).
3
Let y(q) = -q - 4. Let o be 0/(-4 + 3 + -1). What is y(o)?
-4
Let b be 6/(1 + 1) - 0. Suppose -3*n - 10 = w + 7, 2*n + b = w. Let r(t) = t**2 + 4*t + 4. Calculate r(n).
4
Let h(u) be the third derivative of -2*u**2 + 0 + 0*u - 1/120*u**6 - 7/24*u**4 + 7/60*u**5 - 2/3*u**3. What is h(6)?
-10
Let o(k) be the first derivative of -k**4/4 + k**3 + k**2 - k - 2. Calculate o(3).
5
Let t(h) = -h**3 + 1 + 9*h**2 + 0 - 7*h - 12. Let m be t(8). Let i(u) = -3 + u - 3 + 1 + 1. Calculate i(m).
-7
Suppose -4*r + 37 - 13 = -2*f, -4 = 4*f + 3*r. Let w(u) = u**2 + 5*u + 4. Give w(f).
0
Let w = -5 + 9. Let p(y) = -2*y + 4. Determine p(w).
-4
Let g(x) = 2*x + 4 + x - 4*x. Let y = -12 - -12. Determine g(y).
4
Let g(x) = -7*x - 3 - 3*x + 5*x. Let r(l) = -l**3 + 5*l**2 - 5*l + 5. Let w be r(4). Suppose 0 = 5*b - w + 11. Give g(b).
7
Let i(w) = 11*w - 1. Let m = -68 + 69. What is i(m)?
10
Let v(m) be the second derivative of 4*m**3/3 - m**2/2 + 3*m. Suppose 0 = 3*k + 4 - 7. What is v(k)?
7
Let k(i) be the first derivative of -2/5*i**5 - 1/12*i**4 - 2 - 1/2*i**2 - 2*i + 1/3*i**3. Let c(s) be the first derivative of k(s). Determine c(1).
-8
Suppose 1 = 3*z - 5. Suppose -z*h = 2*n - 0*n - 6, 3*n - 3*h - 15 = 0. Let r(t) = 4 - 2*t - 7 - 2 + n. Calculate r(3).
-7
Let y(x) = -x**2 + 4*x + 1. Let t be y(2). Let k(m) = -m**3 + 4*m**2 + 5*m + 6. Determine k(t).
6
Let f(a) = 2*a**2 - 3*a - 3. Let b be -1 - -2 - (2 + 0). Let v = b - 2. Let p be v/(-1*(-2)/(-2)). Giv